 12. Let b(n) = 5*n - 7*n + 5*n + t*n + 10 + 0*n. Give b(-3).
-5
Let a(x) = -55*x**3 - 89*x**2 - 108*x + 700. Let s(n) = 32*n**3 + 53*n**2 + 65*n - 420. Let u(v) = -7*a(v) - 12*s(v). Determine u(14).
0
Let c(v) = v**2 - 5. Let n be c(-4). Let w(b) = -1 + n + b**3 + 8*b - 15*b - 6*b**2 - 3. Let y(s) = s**2 + 4*s + 2. Let x be y(-5). What is w(x)?
7
Let p(o) = o**2 + 3*o - 6. Suppose -t = 3*x - 225, -79 = -x - 0*x + t. Suppose 5*f - 73 = -2*y, 2*y + 4*f = -0*y + x. Let g = y + -49. Give p(g).
4
Let q(p) = -7*p + 2. Suppose -2*m + 6 = 6. Suppose m = 7*o - 24*o + 51. Calculate q(o).
-19
Let a(k) = -2*k**3 + 34*k**2 + 37*k - 13. Let i be a(18). Let z(w) = w**3 - 3*w**2 - 10*w - 4. Give z(i).
-4
Let x be -1 - ((8 - (8 - 5)) + 12). Let l(n) = n**2 + 23*n + 96. Let t be l(x). Let m(o) = 6*o - 9. Let v(k) = k. Let j(r) = -m(r) + 4*v(r). Give j(t).
-3
Let h(c) = -2*c + 4. Suppose 7*u - 5*u + 368 = 0. Let f be u/44 - 8/(-44). What is h(f)?
12
Suppose 30*c - 40 = 29*c. Suppose 0 = 16*s + 4*s - c. Let y(d) = 3*d**2 + 2*d + 1. Give y(s).
17
Suppose l = q - 242, -5*l - 726 = -2*l - 2*q. Let p = l + 240. Let k(y) = 13*y + 3. Give k(p).
-23
Let r be 1/(-3)*-4*3. Suppose -5*h + 36 = 3*i, -2*h + 1 + 3 = -r*i. Let y(k) be the first derivative of k**2 - 6*k - 5558. What is y(h)?
6
Let q(g) = -2*g**3 - 42*g**2 + 3*g + 61. Let y be q(-21). Let f(d) = 14*d**2 + 4*d - 2. Calculate f(y).
46
Let h(r) = r**3 - 13*r**2 + 13*r - 4. Suppose 110*w - 1002 - 318 = 0. Determine h(w).
8
Let d(b) = -772131 - 7*b + 771945 - 7*b. What is d(-13)?
-4
Suppose 0 = -4*w + 3*a + 25, -5*w + 26*a = 29*a - 11. Let u(x) = 4*x**2 - 30*x + 6. Determine u(w).
-50
Let b(y) = 12 - 18 - 145*y + 134*y + 9. Let r = -33 + 35. What is b(r)?
-19
Let p(t) be the second derivative of 2*t**3 - 43*t**2 + t - 424. Determine p(8).
10
Let q(f) = -7 - 6 - 17 + 1 + 2*f. Calculate q(6).
-17
Let l(k) = -11*k + 13. Let x(z) = 26*z + 213. Let r be x(-9). Let v(j) = -45*j + 54. Let h(m) = r*l(m) + 5*v(m). Determine h(-3).
-21
Let p(r) = -r**3 - 14*r**2 - r + 18. Suppose -5*g - 64 = -u, 57*g - 60*g - 24 = -3*u. What is p(g)?
32
Let c(f) be the second derivative of f**4/12 - 7*f**3/3 + 65*f**2/2 - 11*f - 9. What is c(8)?
17
Let p(w) be the first derivative of -w**3/3 - 6*w**2 - 11*w - 1. Suppose 22*l + 40*l = -12*l - 888. Give p(l).
-11
Suppose -541*m + 565*m = 0. Let q(u) = u + 8. Let h be q(-7). Let i(k) = -3 + 4 + 5 - k - h. What is i(m)?
5
Let k(t) be the third derivative of t**5/60 - t**4/24 - t**3 + 4*t**2 - 24. Give k(0).
-6
Suppose 8 = 7*s - 55. Let y(i) = 4*i + s*i + i**2 - 72 + 43 + 41 - 3*i. Give y(-9).
3
Let g(i) = 16*i - 43. Let d be g(3). Let l(r) = 4 + d - 4 - 1 + r. Give l(-8).
-4
Let q(a) = -6*a**2 - a + 1. Let g(d) = 12*d + 320. Let z(c) = 6*c + 161. Let p(y) = -6*g(y) + 11*z(y). Let x be p(-25). Give q(x).
-6
Let t(w) be the first derivative of -5/2*w**2 - 148 - 6*w + 1/3*w**3. Calculate t(6).
0
Let b(z) be the second derivative of z**5/20 - 11*z**4/12 - z**3/3 + 12*z**2 - 1815*z. Calculate b(11).
2
Let q(r) be the first derivative of -r**2 - 3*r - 1. Let t(p) = 1043*p - 9395. Let l be t(9). Give q(l).
13
Let s(x) be the first derivative of x**6/360 - 3*x**5/40 - x**4/6 - 8*x**3/3 - x**2/2 - 16. Let r(g) be the third derivative of s(g). Calculate r(8).
-12
Let t(g) = g + 5. Let v be 39/(-91) - (-130)/(-7). Let j(z) = -z**3 - 20*z**2 - 20*z + 13. Let b be j(v). Let c = b - 35. Give t(c).
2
Let b(i) be the second derivative of -i**3 - 17*i**2/2 - 944*i. What is b(6)?
-53
Let x be 10/(-4)*(60/24)/(15/(-12)). Let j(h) be the first derivative of -1/4*h**4 + 2*h**3 + x*h - 11 + 7/2*h**2. Calculate j(7).
5
Let k(a) = -a + 6. Let q be k(-9). Suppose 2 = q*f - 14*f. Let h(m) = -8*m**2 + 3*m**f - m**2 + m**3 - 2 + 4. Determine h(6).
2
Let b = 8 - 2. Let m(x) = -46*x**2 + 11*x - 25. Let d(w) = 77*w**2 - 21*w + 46. Let c(o) = 3*d(o) + 5*m(o). Determine c(b).
1
Let k(j) = 7*j**2 + 6*j - 22. Let v be k(5). Let a = 185 - v. Let g(p) = -3 + 3 + 4*p. What is g(a)?
8
Let h(f) = -7*f - 1. Let m(q) = 72*q - 720. Let b be m(10). Determine h(b).
-1
Let n = -28 + 29. Let l(t) = -n + 21*t + 23*t + 5*t**2 - 41*t. Let z(o) = -9*o**2 - 6*o + 3. Let x(w) = 7*l(w) + 4*z(w). What is x(-4)?
1
Let g(a) = 69 + 1604*a - 1599*a - 61. Give g(2).
18
Let v be 0 + -3 + -2 + 2. Let c(k) be the third derivative of 5/24*k**4 + 0 + 0*k**3 + 1/60*k**5 + 5*k**2 + 0*k. What is c(v)?
-6
Let k be 552/(-15) - ((-1)/(-5) + 0). Let d = 35 + k. Let i be -2 - -4 - d/2. Let z(p) = p**3 - 3*p**2 - 4*p + 3. Give z(i).
-9
Let h be 9/(-8) + (-121)/(-726)*6/8. Let j(d) = -49*d**2 + 4*d + 2. Determine j(h).
-51
Let c = -98 + 99. Let s(w) be the third derivative of w**5/60 + w**4/12 - w**3/6 - 365*w**2. What is s(c)?
2
Let r(j) = -j. Let p(u) = -6*u - 2. Let o(k) = p(k) - 4*r(k). Suppose s - 2*d = -5, -11*s + 3*d - 5 = -10*s. What is o(s)?
8
Suppose 37*p - 73 = 27*p + 27. Let g(z) = -z - 29. Determine g(p).
-39
Let o(f) = 4*f**2 + 4*f + 4. Let y(i) = 5*i**2 + 4*i + 4. Let r(x) = 4*o(x) - 3*y(x). Suppose -2*s + 45*c - 50*c = 50, -s - 29 = 3*c. Calculate r(s).
9
Let j(t) = -8*t**2 - 33*t - 5. Let k(o) = -4*o**2 - 4*o - 2. Let h(d) = -j(d) + 5*k(d). What is h(4)?
-145
Let l(h) be the first derivative of 4*h - 1/3*h**3 - 5/2*h**2 - 23. Calculate l(-5).
4
Suppose -j + 2*j = -v - 1, 5*v - 2*j - 16 = 0. Let a(f) = 0*f**2 + 2*f**2 - 9*f**2 - 4 + f + 10*f**v. Give a(-3).
20
Suppose s - 5*s + 4*y + 28 = 0, 3*y = -3. Let g(c) = -s*c**2 - c**3 + 4 - 6 + c**2 - 2 - 5*c. Suppose -2*v + 28 = -9*v. Give g(v).
0
Let t = 29 - 18. Let z(n) = 1 - 2034*n + 2041*n - n**2 + 5. Calculate z(t).
-38
Let s = 121 - -6. Let m = s + -124. Let o(k) = -m + 2*k**2 + 5*k - 3*k**2 - 5*k. What is o(0)?
-3
Let t(m) = -720*m - 1206. Let x(l) = 220*l + 402. Let h(n) = 3*t(n) + 10*x(n). Calculate h(-10).
2
Let s(o) be the second derivative of o**4/6 + 5*o**3/3 + 9*o**2 + 153*o - 3. What is s(-4)?
10
Let x(v) = v**3 + 5*v**2 - v - 8. Suppose 8*b = 354 - 354. Suppose b = d - 33 + 38. Calculate x(d).
-3
Let j(f) = 2*f**3 - 11*f**2 + 5*f - 24. Let q be j(5). Let z be (6/4)/((-36)/q). Let v(y) = 8*y - 3*y - 3 + 4. Determine v(z).
6
Let p = -7773 + 7778. Let z(k) be the second derivative of 32*k + 1/6*k**3 + 2*k**2 + 1/20*k**p + 0 - 1/12*k**4. What is z(0)?
4
Suppose 298*z + 326 = -28*z - 1630. Let p(n) = -n**2 - 24*n - 117. Give p(z).
-9
Let a(i) = -13*i + 24. Let y = -9376 + 9378. What is a(y)?
-2
Let p(g) = 251 + 218 - 4*g**2 - g**3 - 470 - 4*g. Give p(-1).
0
Suppose 148151 = 15*d + 2786. Let z(g) = 0*g + d + g - 9696. Calculate z(5).
0
Let r(z) = -11*z**3 + 35*z**2 - 73*z + 6. Let i(v) = -4*v**3 + 12*v**2 - 25*v + 2. Let j(s) = 8*i(s) - 3*r(s). What is j(5)?
-7
Suppose -73 = -c + 52. Suppose 31 = -13*x - c. Let k(m) = m**2 + 10*m - 12. What is k(x)?
12
Let l(p) = -11*p + p**2 - 5 + 12*p + 0*p - 1. Let g be l(-4). Let o(z) = z**2 - 7*z + 9. Calculate o(g).
3
Let t = -11393 - -11396. Let u(g) be the first derivative of 1/3*g**t - g - 37 - 2*g**2. Calculate u(3).
-4
Suppose 511*n - 257*n - 257*n = -3. Let x(l) = l**2 + 7*l + 8. Let v be x(-6). Let j(i) = 4 - 3 - i - v*i**2 + i**2. Give j(n).
-1
Suppose -4*o - 2*s + 42 = 0, 7 = -9*o + 15*o - 5*s. Let x(m) = 59*m - 419. Give x(o).
-6
Let u(f) = -9*f - 16. Let r(l) be the third derivative of l**4/6 + 4*l**3/3 - 4*l**2 + 4*l. Let b(s) = 7*r(s) + 3*u(s). Determine b(0).
8
Let i be (-9)/(-4)*(-384)/144. Let a(h) = -43*h - 249. Give a(i).
9
Let u(a) be the second derivative of -a**4/12 - 13*a**3/6 - 16*a**2 + 641*a - 6. Calculate u(-9).
4
Let u(x) = 3 + 0 - 2*x**3 + 2 - 66*x + 29*x + 34*x + 3*x**2. What is u(2)?
-5
Let w(v) = -227*v**2 + 4*v + 27. Let l(y) = 65*y**2 - 2*y - 9. Let g(o) = -7*l(o) - 2*w(o). Give g(4).
17
Let l = 96 - 97. Let n(a) = 33*a + 39. Let q be n(l). Let k(u) = -u + 6. Calculate k(q).
0
Let r be 1/2 + (-4)/8. Let t(c) = -c**3 + c**2 - c - 6. Let z be t(r). Let p(b) = -130346 - b**2 + 130346 - 7*b. Calculate p(z).
6
Let h(r) be the third derivative of -r**4/24 + 2*r**3/3 - r**2. Suppose -37*k - 74 = -48 + 122. Calculate h(k).
8
Suppose -1 - 17 = -6*n. Let u(p) = -n - 11*p + 20*p - 11*p. What is u(-4)?
5
Suppose 5*p - 17 - 26 = -4*q, 2*p + 2*q - 18 = 0. Let r(z) = -z**3 + 6*z**2 + 10*z - 16. Give r(p).
5
Let h be (27/6)/(3/(-30)). Let 